{"id":157,"date":"2009-12-15T21:50:12","date_gmt":"2009-12-15T19:50:12","guid":{"rendered":"http:\/\/kleinespechte.de\/spechtblog\/?page_id=157"},"modified":"2016-11-09T10:57:30","modified_gmt":"2016-11-09T08:57:30","slug":"mathematik","status":"publish","type":"page","link":"https:\/\/kleinespechte.de\/spechtblog\/die-zeit-vor-dem-schulbeginn\/mathematik\/","title":{"rendered":"Mathematik?"},"content":{"rendered":"<h1>Mathe im vorschulischen Alltag<\/h1>\n<p>&nbsp;<\/p>\n<p>Bereits vor ihrer Schulzeit entwickeln Kinder erstaunliche Kreativit\u00e4t und vielf\u00e4ltige Varianten im Umgang mit Reihen, Zahlen, Mengen, L\u00e4ngen und Gr\u00f6\u00dfen:<\/p>\n<ul>\n<li>Sie lernen Kleidungsst\u00fccke in der richtigen Reihenfolge anzuziehen.<\/li>\n<li>Beim Zukn\u00f6pfen ordnen sie jedem Knopfloch einen passenden Knopf zu.<\/li>\n<li>Das Aufr\u00e4umen eines Zimmers setzt Klassifikation voraus, etwa, wenn alle B\u00fccher in das Regal, alle Bausteine in die Kiste ger\u00e4umt werden.<\/li>\n<li>Auch Aufteilungsstrategien erwerben die Kinder schon vor der Schule, wie beim Verteiler einer T\u00fcte Bonbons oder beim Tischdecken.<\/li>\n<li>Beim Kartenspielen sind im Gleichma\u00df Spielkarten zu verteilen.<\/li>\n<li>Bei W\u00fcrfelspielen ist die Zahl der W\u00fcrfelaugen zu addieren. Dabei lassen sich die Spielfelder als Gesamtmenge nutzen, von denen das Kind beispielweise &#8222;vier Felder vorr\u00fccken&#8220; soll. Zahlw\u00f6rter und Ziffernsymbole Alltag und sehr fr\u00fch erlernen sie die Zahlenwortreihe.<\/li>\n<li>Anfangs benutzen die Kinder Zahlworte noch ohne ein Mengen- oder Z\u00e4hlverst\u00e4ndnis. Sp\u00e4ter k\u00f6nnen sie mit Hilfe der Zahlwortreihe (und meist zusammen mit Antippen der Finger) eine Menge\u00a0 ausz\u00e4hlen mit das richtige Zahlwort zuordnen.<\/li>\n<li>Sogar \u00fcber erste Rechenf\u00e4higkeiten verf\u00fcgen die Kinder schon vor der Schule, etwa, wenn es um die ersten selbst verwalteten Geldbetr\u00e4ge geht.<\/li>\n<\/ul>\n<p>Kindern begegnet Mathematik also tagt\u00e4glich in den verschiedensten Facetten. Und sie haben Freude daran, sich mit diesen Fragen auseinander zusetzen. Nutzen wir diese Neugier, diesen Lerneifer, unterst\u00fctzen wir die Kinder in ihren mathematischen Entdeckungen. So geben wir ihnen die bestm\u00f6glichen Voraussetzungen f\u00fcr das schulische Lernen.<\/p>\n<p>&nbsp;<\/p>\n<p><strong>F\u00fcr den sp\u00e4teren schulischen Matheerfolg sind folgende F\u00e4higkeitsbereiche besonders bedeutsam:<\/strong><\/p>\n<p><strong>Klassifizieren und Sortieren: <\/strong>Erlauben Sie dem Kind, seine Spielsachen selbst und nach eigenen Kriterien zu sortieren und einzur\u00e4umen. Lassen Sie sich von dem Kind bei h\u00e4uslichen T\u00e4tigkeiten wie Tischdecken und W\u00e4schesortieren helfen. Erkl\u00e4ren Sie dem Kind, warum Sie diese oder jene Ordnungskriterien w\u00e4hlen. Spiele wie &#8222;Ich sehe was, was du nicht siehst&#8220; sowie Quartett-, Lege- und W\u00fcrfelspiele (etwa &#8222;Mensch-\u00e4rgere-dich-nicht&#8220;, &#8222;Speed&#8220;, &#8222;Halli-Galli&#8220;, &#8222;Ligretto&#8220;) f\u00f6rdern besonders die mathematisch wichtigen Klassifikationsf\u00e4higkeiten.<\/p>\n<p><strong>Muster und Symmetrie (Reihenbildung): <\/strong>Das Entdecken von Mustern ist hilfreich, um Zusammenh\u00e4nge und Regelm\u00e4\u00dfigkeiten in der Mathematik erfassen zu k\u00f6nnen. Unser Alltag besteht aus Regelm\u00e4\u00dfigkeiten und Mustern, denken wir nur an die Wochentage oder Tages- und Jahreszeiten. Auch die Entdeckung von Rhythmen, beispielweise musikalische Rhythmen, aber auch Z\u00e4hlrhythmen wie &#8222;2-4-6-8-10&#8220; geh\u00f6ren dazu. Die Kinder erkennen Muster in der Umgebung (auf Handt\u00fcchern, Tischdecken, Gardinen, Fu\u00dfbodenbel\u00e4gen ) und setzen diese fort oder entwerfen auch schon selbst Muster (Perlenketten aufziehen, Karten gestalten).<\/p>\n<p><strong>Zahlwissen und Z\u00e4hlfertigkeiten: <\/strong>Kinder z\u00e4hlen gerne Gegenst\u00e4nde ab. Spielerisch k\u00f6nnen Kinder Ziffernsymbole in der Umwelt suchen: Wo \u00fcberall stehen Zahlen? Wo sind gro\u00dfe, wo kleine Zahlen? Was bedeuten die Zahlen auf die Uhr, der Haust\u00fcr, dem Telefon, der Zuckert\u00fcte? Gibt es in deinem Kinderzimmer mehr B\u00fccher oder mehr Autos?<\/p>\n<p><strong>R\u00e4umliches Vorstellungsverm\u00f6gen: <\/strong>Der Umgang mit verschiedensten geometrischen K\u00f6rpern in Form von Spielzeugen, Bausteinen und Verpackungen sowie das Verstehen von Begrifflichkeiten wie &#8222;oben, unten neben, in, auf&#8220; f\u00f6rdert die Raumorientierung. Dabei unterst\u00fctzen Aktivit\u00e4ten wie T\u00fcrme aus Bausteinen bauen, sich auf Kletterger\u00fcsten bewegen, in Kisten\/Kartons hineinkriechen, sich vorw\u00e4rts-, r\u00fcckw\u00e4rts bewegen, rechts und links unterscheiden (&#8222;Mein rechter, rechter Platz ist leer.&#8220;).<\/p>\n<p><strong>Messen und Wiegen: <\/strong>Kinder entwickeln erste Vorstellungen \u00fcber gebr\u00e4uchliche Ma\u00dfe wie &#8222;Ein Liter ist so viel wie ein Tetrapack Milch&#8220;,\u00a0 &#8222;Was bedeutet die Zahl, die erscheint, wenn ich mich auf die Waage stelle?&#8220;, &#8222;Ein Kilogramm ist so schwer wie eine T\u00fcte Zucker&#8220;. &#8222;Ich bin so gro\u00df wie ein Meter&#8220;. Auch Fragen zum Vergleich bieten sich hier an: &#8222;Bin ich gro\u00df wie der Tisch?&#8220;, &#8222;Bin ich so schwer wie eine T\u00fcte Zucker?&#8220;.<\/p>\n<p>Die spielerische Mitarbeit in der K\u00fcche unterst\u00fctzt die Entwicklung konkreter Vorstellungen von Gewicht und Volumen. Lassen Sie die Kinder abwiegen, abmessen, umsch\u00fctten, auch wenn es manchmal daneben geht&#8230;<\/p>\n<p>Sie helfen dem Kind, wenn sie ihm fr\u00fch eine \u00fcberschaubare Summe Taschengeld geben. Fragen wie &#8222;Was kannst du dir f\u00fcr 50 Cent kaufen?&#8220; &#8222;Wenn du dir etwas f\u00fcr 2 Euro kaufen m\u00f6chtest, wie viele 50 Centst\u00fccke brauchst du?&#8220; unterst\u00fctzen den bewussten und reflektierenden Umgang mit Geld.<\/p>\n<p>All diese beschriebenen Situationen machen deutlich: Es geht nicht um eine isolierte F\u00f6rderung mathematischer Kompetenzen; es geht um eine in den Alltag integrierte und auf kindliche F\u00e4higkeiten orientierte F\u00f6rderung. Den Kindern wird bewusst, dass viele ihrer Alltagshandlungen sich mit Hilfe mathematischer Zeichen und Begriffe beschreiben lassen. Je besser sie diese Alltagshandlungen bew\u00e4ltigen, desto wahrscheinlicher ist ihr mathematischer Erfolg in der Schule.<\/p>\n<div class=\"pdfprnt-buttons pdfprnt-buttons-page pdfprnt-bottom-right\"><a href=\"https:\/\/kleinespechte.de\/spechtblog\/wp-json\/wp\/v2\/pages\/157?print=print\" class=\"pdfprnt-button pdfprnt-button-print\" target=\"_blank\" ><img decoding=\"async\" src=\"https:\/\/kleinespechte.de\/spechtblog\/wp-content\/plugins\/pdf-print\/images\/print.png\" alt=\"image_print\" title=\"Inhalt drucken\" \/><\/a><\/div>","protected":false},"excerpt":{"rendered":"<p>Mathe im vorschulischen Alltag &nbsp; Bereits vor ihrer Schulzeit entwickeln Kinder erstaunliche Kreativit\u00e4t und vielf\u00e4ltige Varianten im Umgang mit Reihen, Zahlen, Mengen, L\u00e4ngen und Gr\u00f6\u00dfen: Sie lernen Kleidungsst\u00fccke in der richtigen Reihenfolge anzuziehen. Beim Zukn\u00f6pfen ordnen sie jedem Knopfloch einen passenden Knopf zu. Das Aufr\u00e4umen eines Zimmers setzt Klassifikation voraus, etwa, wenn alle B\u00fccher in &hellip; <\/p>\n<p class=\"link-more\"><a href=\"https:\/\/kleinespechte.de\/spechtblog\/die-zeit-vor-dem-schulbeginn\/mathematik\/\" class=\"more-link\"><span class=\"screen-reader-text\">\u201eMathematik?\u201c <\/span>weiterlesen<\/a><\/p>\n","protected":false},"author":4,"featured_media":0,"parent":144,"menu_order":2,"comment_status":"closed","ping_status":"closed","template":"","meta":{"footnotes":""},"class_list":["post-157","page","type-page","status-publish","hentry"],"_links":{"self":[{"href":"https:\/\/kleinespechte.de\/spechtblog\/wp-json\/wp\/v2\/pages\/157","targetHints":{"allow":["GET"]}}],"collection":[{"href":"https:\/\/kleinespechte.de\/spechtblog\/wp-json\/wp\/v2\/pages"}],"about":[{"href":"https:\/\/kleinespechte.de\/spechtblog\/wp-json\/wp\/v2\/types\/page"}],"author":[{"embeddable":true,"href":"https:\/\/kleinespechte.de\/spechtblog\/wp-json\/wp\/v2\/users\/4"}],"replies":[{"embeddable":true,"href":"https:\/\/kleinespechte.de\/spechtblog\/wp-json\/wp\/v2\/comments?post=157"}],"version-history":[{"count":4,"href":"https:\/\/kleinespechte.de\/spechtblog\/wp-json\/wp\/v2\/pages\/157\/revisions"}],"predecessor-version":[{"id":3768,"href":"https:\/\/kleinespechte.de\/spechtblog\/wp-json\/wp\/v2\/pages\/157\/revisions\/3768"}],"up":[{"embeddable":true,"href":"https:\/\/kleinespechte.de\/spechtblog\/wp-json\/wp\/v2\/pages\/144"}],"wp:attachment":[{"href":"https:\/\/kleinespechte.de\/spechtblog\/wp-json\/wp\/v2\/media?parent=157"}],"curies":[{"name":"wp","href":"https:\/\/api.w.org\/{rel}","templated":true}]}}