{"id":214,"date":"2009-12-17T13:03:38","date_gmt":"2009-12-17T11:03:38","guid":{"rendered":"http:\/\/kleinespechte.de\/spechtblog\/?page_id=214"},"modified":"2025-11-02T11:50:59","modified_gmt":"2025-11-02T09:50:59","slug":"die-nachsitzer","status":"publish","type":"page","link":"https:\/\/kleinespechte.de\/spechtblog\/foerderverein\/die-nachsitzer\/","title":{"rendered":"Grundschule Spechbach F\u00f6rderverein e.V."},"content":{"rendered":"<p><em>F\u00f6rderverein Grundschule Spechbach e.V.<\/em><\/p>\n<p>Gegr\u00fcndet wurde der Verein aus den Reihen des Elternbeirates der Grundschule Spechbach im Jahr 1998. Das Gremium des Elternbeirates wurde dadurch ge\u00f6ffnet und erweitert, um so allen Eltern die Mitwirkung zu erm\u00f6glichen. Die Aktionen in und um die Schule konnten so auf viele Schultern verteilt werden. Unz\u00e4hlige Aktionen folgten in den darauffolgenden Jahren. Zudem \u00fcbernimmt der Verein seit seiner Gr\u00fcndung die Verwaltung der Ertr\u00e4ge aus Veranstaltungen und Spenden. Aktuell hat der Verein rund 60 Familienmitgliedschaften.<\/p>\n<p>Im Jahr 2018 entstand der F\u00f6rderverein als \u201eDie Nachsitzer e.V.\u201c gemeinsam mit dem Kollegium der Grundschule, den Sch\u00fclerinnen und Sch\u00fclern, Eltern, Freunden und Wegbegleitern bei einem Sommerfest auf dem Turnhallenvorplatz sein 20-j\u00e4hriges Bestehen gefeiert.<\/p>\n<p>Der Verein ist mittlerweile zu einer Institution in Spechbach geworden und tr\u00e4gt zu den regelm\u00e4\u00dfigen Veranstaltungen des Ortes seinen Teil bei. Traditionell richten der F\u00f6rderverein gemeinsam mit den Eltern der Grundsch\u00fcler den Kinderfasching aus, \u00fcbernehmen bei der Oldtimer-Rallye \u201eHeidelberg Historic\u201c die Bewirtung und tragen zum Spechbacher Weihnachtsdorf gleich mit zwei Buden bei. F\u00fcr die Kinder ist hier das \u201eSchneeball-Dosenwerfen\u201c ein besonderer Spa\u00df. Auch das Drachenfest lockt allj\u00e4hrlich Gro\u00df und Klein zum Sperbelbaum.<\/p>\n<p>Im schulischen Betrieb tragen viele Eltern Verantwortung und sorgen in verschiedensten Bereichen f\u00fcr Unterst\u00fctzung. Die Arbeit des Vereins wird gesch\u00e4tzt und die Vorstandschaft steht in regem Austausch mit den Lehrerinnen und der Schulleitung. F\u00fcr die Kinder werden zahlreiche Projekte unterst\u00fctzt und finanziert, ben\u00f6tigte Ausstattung (wie z.B. Pausenspielzeug und Utensilien f\u00fcr AGs) angeschafft und vieles anderes mehr. Herausragend sind das einw\u00f6chige Zirkusprojekt, das 2023 dank der Finanzierung durch den Verein bereits zum dritten Mal stattfinden konnte, und zum Beispiel Trommel-Workshops, Mitmach-Theater, Sozialprojekte, wie z.B. SeSiSta Gewaltpr\u00e4vention, \u201cEin Fell f\u00fcr alle F\u00e4lle\u201c mit Eseln und Pferden, sowie Erste-Hilfe-Kurse f\u00fcr die Sch\u00fcler. Damit werden den Kindern au\u00dfergew\u00f6hnliche (Lern-) Erlebnisse geboten.<\/p>\n<p>Jeder durch den Verein und seine Aktivit\u00e4ten erwirtschaftete Euro sowie die Mitgliedsbeitr\u00e4ge kommt den Kindern der Grundschule zugute. Seit der Gr\u00fcndung des Vereins konnten so f\u00fcr die Grundschule finanzielle Mittel in H\u00f6he von \u00fcber 45.000 Euro zur Verf\u00fcgung gestellt werden.<\/p>\n<p>2024 wurde der Name zu &#8222;F\u00f6rderverein Grundschule Spechbach e.V.&#8220; \u00a0ge\u00e4ndert.<\/p>\n<p>Die Kinder, das Kollegium und der Verein freuen sich \u00fcber neue Mitglieder. Mit einem Jahresbeitrag von 6 \u20ac ist die ganze Familie dabei und unterst\u00fctzt mit ihrer Mitgliedschaft (mit der keine weiteren Verpflichtungen einhergehen) die Arbeit des Vereins.<\/p>\n<blockquote>\n<p style=\"text-align: center;\"><span style=\"text-decoration: underline;\"><span style=\"color: #ff6600;\"><a href=\"https:\/\/kleinespechte.de\/spechtblog\/foerderverein\/mitgliedsformular\/\">&gt;&gt;Beitrittsformular als pdf&lt;&lt;&lt;<\/a><\/span><\/span><\/p>\n<\/blockquote>\n<p>&nbsp;<\/p>\n<p>Kontakt \u00fcber: <a href=\"mailto:foerderverein@kleinespechte.de\">foerderverein@kleinespechte.de<\/a><\/p>\n<div class=\"pdfprnt-buttons pdfprnt-buttons-page pdfprnt-bottom-right\"><a href=\"https:\/\/kleinespechte.de\/spechtblog\/wp-json\/wp\/v2\/pages\/214?print=print\" class=\"pdfprnt-button pdfprnt-button-print\" target=\"_blank\" ><img decoding=\"async\" src=\"https:\/\/kleinespechte.de\/spechtblog\/wp-content\/plugins\/pdf-print\/images\/print.png\" alt=\"image_print\" title=\"Inhalt drucken\" \/><\/a><\/div>","protected":false},"excerpt":{"rendered":"<p>F\u00f6rderverein Grundschule Spechbach e.V. Gegr\u00fcndet wurde der Verein aus den Reihen des Elternbeirates der Grundschule Spechbach im Jahr 1998. Das Gremium des Elternbeirates wurde dadurch ge\u00f6ffnet und erweitert, um so allen Eltern die Mitwirkung zu erm\u00f6glichen. Die Aktionen in und um die Schule konnten so auf viele Schultern verteilt werden. Unz\u00e4hlige Aktionen folgten in den &hellip; <\/p>\n<p class=\"link-more\"><a href=\"https:\/\/kleinespechte.de\/spechtblog\/foerderverein\/die-nachsitzer\/\" class=\"more-link\"><span class=\"screen-reader-text\">\u201eGrundschule Spechbach F\u00f6rderverein e.V.\u201c <\/span>weiterlesen<\/a><\/p>\n","protected":false},"author":4,"featured_media":0,"parent":212,"menu_order":100,"comment_status":"closed","ping_status":"closed","template":"","meta":{"footnotes":""},"class_list":["post-214","page","type-page","status-publish","hentry"],"_links":{"self":[{"href":"https:\/\/kleinespechte.de\/spechtblog\/wp-json\/wp\/v2\/pages\/214","targetHints":{"allow":["GET"]}}],"collection":[{"href":"https:\/\/kleinespechte.de\/spechtblog\/wp-json\/wp\/v2\/pages"}],"about":[{"href":"https:\/\/kleinespechte.de\/spechtblog\/wp-json\/wp\/v2\/types\/page"}],"author":[{"embeddable":true,"href":"https:\/\/kleinespechte.de\/spechtblog\/wp-json\/wp\/v2\/users\/4"}],"replies":[{"embeddable":true,"href":"https:\/\/kleinespechte.de\/spechtblog\/wp-json\/wp\/v2\/comments?post=214"}],"version-history":[{"count":31,"href":"https:\/\/kleinespechte.de\/spechtblog\/wp-json\/wp\/v2\/pages\/214\/revisions"}],"predecessor-version":[{"id":5483,"href":"https:\/\/kleinespechte.de\/spechtblog\/wp-json\/wp\/v2\/pages\/214\/revisions\/5483"}],"up":[{"embeddable":true,"href":"https:\/\/kleinespechte.de\/spechtblog\/wp-json\/wp\/v2\/pages\/212"}],"wp:attachment":[{"href":"https:\/\/kleinespechte.de\/spechtblog\/wp-json\/wp\/v2\/media?parent=214"}],"curies":[{"name":"wp","href":"https:\/\/api.w.org\/{rel}","templated":true}]}}

Grundschule Spechbach Förderverein e.V.

<p><em>Förderverein Grundschule Spechbach e.V.</em></p>
<p>Gegründet wurde der Verein aus den Reihen des Elternbeirates der Grundschule Spechbach im Jahr 1998. Das Gremium des Elternbeirates wurde dadurch geöffnet und erweitert, um so allen Eltern die Mitwirkung zu ermöglichen. Die Aktionen in und um die Schule konnten so auf viele Schultern verteilt werden. Unzählige Aktionen folgten in den darauffolgenden Jahren. Zudem übernimmt der Verein seit seiner Gründung die Verwaltung der Erträge aus Veranstaltungen und Spenden. Aktuell hat der Verein rund 60 Familienmitgliedschaften.</p>
<p>Im Jahr 2018 entstand der Förderverein als „Die Nachsitzer e.V.“ gemeinsam mit dem Kollegium der Grundschule, den Schülerinnen und Schülern, Eltern, Freunden und Wegbegleitern bei einem Sommerfest auf dem Turnhallenvorplatz sein 20-jähriges Bestehen gefeiert.</p>
<p>Der Verein ist mittlerweile zu einer Institution in Spechbach geworden und trägt zu den regelmäßigen Veranstaltungen des Ortes seinen Teil bei. Traditionell richten der Förderverein gemeinsam mit den Eltern der Grundschüler den Kinderfasching aus, übernehmen bei der Oldtimer-Rallye „Heidelberg Historic“ die Bewirtung und tragen zum Spechbacher Weihnachtsdorf gleich mit zwei Buden bei. Für die Kinder ist hier das „Schneeball-Dosenwerfen“ ein besonderer Spaß. Auch das Drachenfest lockt alljährlich Groß und Klein zum Sperbelbaum.</p>
<p>Im schulischen Betrieb tragen viele Eltern Verantwortung und sorgen in verschiedensten Bereichen für Unterstützung. Die Arbeit des Vereins wird geschätzt und die Vorstandschaft steht in regem Austausch mit den Lehrerinnen und der Schulleitung. Für die Kinder werden zahlreiche Projekte unterstützt und finanziert, benötigte Ausstattung (wie z.B. Pausenspielzeug und Utensilien für AGs) angeschafft und vieles anderes mehr. Herausragend sind das einwöchige Zirkusprojekt, das 2023 dank der Finanzierung durch den Verein bereits zum dritten Mal stattfinden konnte, und zum Beispiel Trommel-Workshops, Mitmach-Theater, Sozialprojekte, wie z.B. SeSiSta Gewaltprävention, “Ein Fell für alle Fälle“ mit Eseln und Pferden, sowie Erste-Hilfe-Kurse für die Schüler. Damit werden den Kindern außergewöhnliche (Lern-) Erlebnisse geboten.</p>
<p>Jeder durch den Verein und seine Aktivitäten erwirtschaftete Euro sowie die Mitgliedsbeiträge kommt den Kindern der Grundschule zugute. Seit der Gründung des Vereins konnten so für die Grundschule finanzielle Mittel in Höhe von über 45.000 Euro zur Verfügung gestellt werden.</p>
<p>2024 wurde der Name zu &#8222;Förderverein Grundschule Spechbach e.V.&#8220;  geändert.</p>
<p>Die Kinder, das Kollegium und der Verein freuen sich über neue Mitglieder. Mit einem Jahresbeitrag von 6 € ist die ganze Familie dabei und unterstützt mit ihrer Mitgliedschaft (mit der keine weiteren Verpflichtungen einhergehen) die Arbeit des Vereins.</p>
<blockquote>
<p style="text-align: center;"><span style="text-decoration: underline;"><span style="color: #ff6600;"><a href="https://kleinespechte.de/spechtblog/foerderverein/mitgliedsformular/">&gt;&gt;Beitrittsformular als pdf&lt;&lt;&lt;</a></span></span></p>
</blockquote>
<p>&nbsp;</p>
<p>Kontakt über: <a href="mailto:foerderverein@kleinespechte.de">foerderverein@kleinespechte.de</a></p>
<div class="pdfprnt-buttons pdfprnt-buttons-page pdfprnt-bottom-right"><a href="https://kleinespechte.de/spechtblog/wp-json/wp/v2/pages/214?print=print" class="pdfprnt-button pdfprnt-button-print" target="_blank" ><img decoding="async" src="https://kleinespechte.de/spechtblog/wp-content/plugins/pdf-print/images/print.png" alt="image_print" title="Inhalt drucken" /></a></div>

<p>Förderverein Grundschule Spechbach e.V. Gegründet wurde der Verein aus den Reihen des Elternbeirates der Grundschule Spechbach im Jahr 1998. Das Gremium des Elternbeirates wurde dadurch geöffnet und erweitert, um so allen Eltern die Mitwirkung zu ermöglichen. Die Aktionen in und um die Schule konnten so auf viele Schultern verteilt werden. Unzählige Aktionen folgten in den &hellip; </p>
<p class="link-more"><a href="https://kleinespechte.de/spechtblog/foerderverein/die-nachsitzer/" class="more-link"><span class="screen-reader-text">„Grundschule Spechbach Förderverein e.V.“ </span>weiterlesen</a></p>
