{"id":297,"date":"2009-12-23T14:32:28","date_gmt":"2009-12-23T12:32:28","guid":{"rendered":"http:\/\/kleinespechte.de\/spechtblog\/?page_id=297"},"modified":"2022-01-26T14:18:24","modified_gmt":"2022-01-26T12:18:24","slug":"wohin-nach-klasse-4","status":"publish","type":"page","link":"https:\/\/kleinespechte.de\/spechtblog\/elterninfos\/wohin-nach-klasse-4\/","title":{"rendered":"Wohin nach Klasse 4?"},"content":{"rendered":"<h1>Welche Schule f\u00fcr mein Kind?<\/h1>\n<p>Im letzten Grundschuljahr steht f\u00fcr Sie als Eltern vor allem eine Frage im Vordergrund: Auf welche weiterf\u00fchrende Schule soll ich mein Kind schicken? F\u00fcr viele Eltern ist diese wichtige Weichenstellung f\u00fcr die Entwicklung ihres Kindes mit erheblichen Unsicherheiten verbunden. Eltern wie Kinder kn\u00fcpfen an diese Entscheidung f\u00fcr die weitere Schullaufbahn Hoffnungen und Erwartungen, aber auch Misserfolgs-, Versagens- und\u00a0 \u00dcberforderungs\u00e4ngste.<\/p>\n<p>Unabh\u00e4ngig davon ist erfreulicherweise festzustellen, dass die meisten Eltern mit der so genannten Grundschulempfehlung einverstanden sind. Was passiert aber, wenn die Eltern anderer Meinung sind und ihr Kind zum Beispiel nicht \u2013 wie empfohlen \u2013 auf die Werkrealschule, sondern gleich auf die Realschule oder das Gymnasium schicken wollen?<\/p>\n<p>Die Grundschulempfehlung der Schule ist nicht mehr bindend. Damit ist die Empfehlung der Schule wirklich nur ein Empfehlung. Die letzte Entscheidung tragen die Eltern.<\/p>\n<p><span style=\"text-decoration: underline;\"><strong>Eltern-Lehrer-Kontakt<\/strong><\/span><\/p>\n<p>Der regelm\u00e4\u00dfige Kontakt zwischen Elternhaus und Schule w\u00e4hrend der gesamten Grundschulzeit des Kindes ist schon deshalb wichtig, weil durch das vertrauensvolle Miteinander eine echte Erziehungspartnerschaft entstehen kann. Damit wird auch vermieden, dass die Ausgabe der Grundschulempfehlung zum Tag der \u00dcberraschung wird, der hektische Aktivit\u00e4ten ausl\u00f6st, auf die das Kind meistens verunsichert und \u00e4ngstlich reagiert.<\/p>\n<p>Sind Sie sich als Eltern trotz Beratung der Lehrkraft unsicher, k\u00f6nnen Sie auch eine schulpsychologische Beratungsstelle aufsuchen, die unter anderem Schullaufbahnempfehlungen abgibt. Dies sollten die Eltern sp\u00e4testens zu Beginn des vierten Schuljahres tun.<\/p>\n<p>Die Klassenkonferenz ber\u00e4t zu Beginn des zweiten Halbjahres des vierten Schuljahres \u00fcber jedes einzelne Kind. Wird das Kind f\u00fcr die Realschule empfohlen, so muss<strong> im Durchschnitt in den F\u00e4chern Deutsch und Mathematik mindestens die Note 3,0 erreicht werden. Bei einer Empfehlung f\u00fcr das Gymnasium muss der Notendurchschnitt in Deutsch und Mathematik mindestens 2,5 betragen<\/strong>. Nicht allein die Noten sind allerdings f\u00fcr eine Empfehlung ausschlaggebend. Ber\u00fccksichtigt werden auch das <strong>Lern- und Arbeitsverhalten<\/strong>, die Art und Auspr\u00e4gung der Leistungen und die bisherige Entwicklung des Kindes, die erwarten lassen k\u00f6nnen, dass das Kind den Anforderungen der empfohlenen Schulart gewachsen sein wird.<\/p>\n<p>Spechbach liegt im Einzugsgebiet mehrerer weiterf\u00fchrenden Schulen. Diese Schulen bieten alle regelm\u00e4\u00dfig Informationsveranstaltungen an, bei denen diese sich den Kindern und Eltern pr\u00e4sentieren.<\/p>\n<p>Die Links zu den entsprechenden Schulen finden Sie auf der Homepage: Startseite an der rechten Tabelle.<\/p>\n<pre><\/pre>\n<p>&nbsp;<\/p>\n<div class=\"pdfprnt-buttons pdfprnt-buttons-page pdfprnt-bottom-right\"><a href=\"https:\/\/kleinespechte.de\/spechtblog\/wp-json\/wp\/v2\/pages\/297?print=print\" class=\"pdfprnt-button pdfprnt-button-print\" target=\"_blank\" ><img decoding=\"async\" src=\"https:\/\/kleinespechte.de\/spechtblog\/wp-content\/plugins\/pdf-print\/images\/print.png\" alt=\"image_print\" title=\"Inhalt drucken\" \/><\/a><\/div>","protected":false},"excerpt":{"rendered":"<p>Welche Schule f\u00fcr mein Kind? Im letzten Grundschuljahr steht f\u00fcr Sie als Eltern vor allem eine Frage im Vordergrund: Auf welche weiterf\u00fchrende Schule soll ich mein Kind schicken? F\u00fcr viele Eltern ist diese wichtige Weichenstellung f\u00fcr die Entwicklung ihres Kindes mit erheblichen Unsicherheiten verbunden. Eltern wie Kinder kn\u00fcpfen an diese Entscheidung f\u00fcr die weitere Schullaufbahn &hellip; <\/p>\n<p class=\"link-more\"><a href=\"https:\/\/kleinespechte.de\/spechtblog\/elterninfos\/wohin-nach-klasse-4\/\" class=\"more-link\"><span class=\"screen-reader-text\">\u201eWohin nach Klasse 4?\u201c <\/span>weiterlesen<\/a><\/p>\n","protected":false},"author":4,"featured_media":0,"parent":112,"menu_order":10,"comment_status":"closed","ping_status":"closed","template":"","meta":{"footnotes":""},"class_list":["post-297","page","type-page","status-publish","hentry"],"_links":{"self":[{"href":"https:\/\/kleinespechte.de\/spechtblog\/wp-json\/wp\/v2\/pages\/297","targetHints":{"allow":["GET"]}}],"collection":[{"href":"https:\/\/kleinespechte.de\/spechtblog\/wp-json\/wp\/v2\/pages"}],"about":[{"href":"https:\/\/kleinespechte.de\/spechtblog\/wp-json\/wp\/v2\/types\/page"}],"author":[{"embeddable":true,"href":"https:\/\/kleinespechte.de\/spechtblog\/wp-json\/wp\/v2\/users\/4"}],"replies":[{"embeddable":true,"href":"https:\/\/kleinespechte.de\/spechtblog\/wp-json\/wp\/v2\/comments?post=297"}],"version-history":[{"count":7,"href":"https:\/\/kleinespechte.de\/spechtblog\/wp-json\/wp\/v2\/pages\/297\/revisions"}],"predecessor-version":[{"id":3517,"href":"https:\/\/kleinespechte.de\/spechtblog\/wp-json\/wp\/v2\/pages\/297\/revisions\/3517"}],"up":[{"embeddable":true,"href":"https:\/\/kleinespechte.de\/spechtblog\/wp-json\/wp\/v2\/pages\/112"}],"wp:attachment":[{"href":"https:\/\/kleinespechte.de\/spechtblog\/wp-json\/wp\/v2\/media?parent=297"}],"curies":[{"name":"wp","href":"https:\/\/api.w.org\/{rel}","templated":true}]}}